st derivative of -j**4/4 - j**3/3 + j**2/2 + 11*j + 1. Give g(o).
11
Let m(u) = 2*u**3 + 94*u**2 - 99*u - 67. Let s be m(-48). Suppose -s - 99 = 16*h. Let r(o) = -o**2 - 12*o + 3. What is r(h)?
14
Let k(z) = z**2 + 13*z - 30. Let i(r) = 631*r + 2509. Let m be i(-4). What is k(m)?
0
Let a(k) = 9*k**2 - 4*k - 2. Let n(d) = -2*d**2 + d - 1. Let c(z) = -a(z) - 4*n(z). Suppose 2*u = 4*u. What is c(u)?
6
Let g(z) = 5*z**2 + 4*z. Let m(l) = -42*l**2 - 39*l + 24. Let b(j) = -8*g(j) - m(j). Give b(-8).
48
Suppose 4*v = -400*o + 399*o - 11, -2*o = -3*v. Let q(b) = 50*b + 151. Determine q(o).
1
Let d = -8290 - -8292. Let a(x) = -67*x + 6. What is a(d)?
-128
Let y(x) = x**2 - x. Suppose 127 = 4*b + 63. Suppose 162*g = 154*g - b. Determine y(g).
6
Let x(w) be the first derivative of w**4/4 + 2*w**3 - 3*w**2 + 3*w - 5. Let t(p) = 2*p**3 + 22*p**2 + 2*p - 21. Let c be t(-11). Let d = c + 36. Determine x(d).
-4
Let c be ((-1)/2)/(1/(-10)). Let h be (10 - 58)*(-14)/56. Let v(b) = c*b - 3*b + 0*b - b + h. Give v(-7).
5
Let b(n) = -7*n**3 + 48*n**2 + 7*n + 2. Let r be b(7). Let f(w) = w - 6. Suppose 3*p = -8 - 4. Let t(c) = c - 5. Let m(y) = p*t(y) + 3*f(y). Determine m(r).
0
Let h(d) = 15*d**2 - 5*d + 7. Let b(z) = -4*z + 8 + 1 + 14*z**2 - 3. Let s(c) = 6*b(c) - 5*h(c). Suppose 0 = -66*v - 15019 + 14953. Determine s(v).
9
Let r(d) = d**2 - 7*d - 33. Let f be r(10). Let v(x) = -x**3 + 7*x - 3. Let b be v(f). Let m(a) = a - 5*a + 3*a + 2*a**2. Calculate m(b).
15
Suppose -8*m - 2 + 34 = 0. Suppose -2*z - 10 = 5*d, 2*d - m*z = -2 - 2. Let b(l) = -5*l**2 - 3*l. Determine b(d).
-14
Let l(c) be the first derivative of -c**3/3 - 11*c**2/2 + 23*c + 2971. Determine l(-11).
23
Let x = -39 + 44. Let h(k) be the third derivative of k**6/360 - k**5/30 - k**4/24 - 6*k**3 - 5*k**2. Let g(w) be the first derivative of h(w). Give g(x).
4
Let f(u) = -2*u**3 - 7*u**2 - 8*u - 47. Let h(n) = -n**3 - 9*n**2 - 7*n - 33. Let p(j) = 3*f(j) - 4*h(j). Give p(7).
68
Let l(z) = z**3 - 5*z**2 - 24*z + 84. Let f be l(3). Let y(o) = -o + 1. Let g(m) = 6*m + 6. Let h(s) = g(s) + 2*y(s). Calculate h(f).
-16
Let v(q) be the third derivative of q**6/120 - 29*q**5/60 - 4*q**3/3 + 44*q**2. What is v(29)?
-8
Suppose a = -4*a + 125. Let k(l) = 1 + 27*l - 5 - a*l. Let w = -35 + 38. Calculate k(w).
2
Suppose 17*z - 7*z = -20. Let m(p) = -p**3 + 2*p**2 + 3*p. Calculate m(z).
10
Let v(x) be the first derivative of -11*x**2/2 - 48*x - 1387. What is v(-5)?
7
Let n(c) = -335 + 471 - 19*c - 8*c + 0*c - 6*c. What is n(4)?
4
Let k = -170 + 255. Suppose -k*t + 80*t = -70. Let d be (3 - t) + 6 - 3*1. Let i(z) = z**2 + 6*z - 9. Give i(d).
7
Let l(y) = 3*y + 74. Let s(z) = -42*z**3 + 462*z**2 - z - 17. Let t be s(11). Calculate l(t).
-10
Let r(m) = -m**3 + 15*m**2 + 11*m + 1. Let y(w) = -w**2 + 49*w + 538. Let g be y(58). What is r(g)?
-79
Let h(u) = -u - 10. Let l be ((-15)/30)/((-41)/(-20) - 2). Let a be ((-5)/(l/14))/(-2 + 1). Determine h(a).
-3
Let r(h) = h**3 - 3*h**2 - 7*h - 2. Suppose -10*p - 110 = -410. Let k be p/(-30) + (-6)/(-1). Calculate r(k).
13
Let q(o) = 2*o + 14*o**2 - 29*o**2 + o**3 + 5*o**2 + 16 + 7*o**2. Give q(0).
16
Let n(i) = -20*i + 60. Let m be n(3). Suppose 0*u = 4*u. Let w(j) = 4 + u*j**2 - j**2 - 1. Give w(m).
3
Let h = -17220 + 17214. Let j(g) = -g**2 + 3*g + 50. Determine j(h).
-4
Let f(u) = u**2 + 9*u - 9. Let a(o) = -5*o**2 - 2*o + 1. Let i(h) = h**3 - h**2. Let q(v) = -a(v) + 2*i(v). Let z be q(-2). What is f(z)?
-9
Let y = -10470 - -10473. Let h(d) = -4*d**2 + 4*d + 9. What is h(y)?
-15
Let b(r) = 17*r**3 + r**2. Suppose 4*f + 0*f + 6 = -5*o, -4*o = -3*f + 11. What is b(f)?
18
Suppose 15*o - 16 = 59. Suppose 4*m + o*t - 9 = 2*m, 0 = -4*m - 3*t + 11. Let b(h) = -7*h + 1. Calculate b(m).
-13
Let b(m) be the third derivative of -m**5/60 + 3*m**4/4 - 7*m**3 + 586*m**2. Give b(16).
-10
Suppose 0 = -9*t - 5*n + 64, -96*n + 100*n = 8. Let o(d) = -27*d + 151. Determine o(t).
-11
Let z(u) = -410 + 428 - 3*u + 3*u**2 + u**3 - 16. Calculate z(-4).
-2
Let n(u) be the second derivative of -1/12*u**4 - 19*u + 0 + 1/3*u**3 - 1/2*u**2. Let v = 1 + 0. Determine n(v).
0
Suppose f - 36 = -2*f. Let t = -1340 - -1359. Let w be 3/f + 2*t/8. Let l(n) = -n - 4. What is l(w)?
-9
Let l(q) = 10*q**2 + 0*q**3 - 3*q - q**3 + 19*q + 2*q**3 + 1. Let n be (-63)/(-9)*(-736)/644. Give l(n).
1
Let s = -908 + 916. Let q(t) be the third derivative of -t**5/60 + 5*t**4/12 - 5*t**3/3 + 17*t**2. Determine q(s).
6
Let v = -1086 - -1080. Let q(l) = -2*l + 9. Give q(v).
21
Let j(h) = -246 - 6*h - 8*h - 11*h - 14*h + 48*h. Give j(28).
6
Let i(b) = -5*b**2 - 104*b + 44. Let y(v) = -14*v**2 - 299*v + 128. Let t(a) = -17*i(a) + 6*y(a). Determine t(25).
-5
Let t(b) = -b + 7. Suppose 21*v + 2211 = -1212. Let c = -163 - v. Calculate t(c).
7
Let i(m) = 2*m - 28. Suppose -231*d + 2185 + 1390 = 44*d. What is i(d)?
-2
Suppose 5*b = -4*o + 27, 2*b + 4*o - 12 = 3*o. Suppose -20*w = -19*w + b. Let v(k) = -10 - 31*k**3 + 7*k**2 + 11*k**3 + 21*k**3 - k. Give v(w).
-3
Suppose -5*b = -14 - 1. Let h(w) = w - 101 + 51 + w**2 + 5*w**b + 51 - 4*w**3. Determine h(-3).
-20
Let v be -7 - -1 - 1 - (1 - -1). Let c(p) = -10*p**2 - 37*p - 47. Let l(t) = 7*t**2 + 25*t + 32. Let w(d) = -5*c(d) - 7*l(d). What is w(v)?
2
Let w(u) be the third derivative of -u**6/120 - u**5/30 + u**4/12 + 5*u**3/6 + 149*u**2 - 21*u. Give w(-3).
8
Let b(t) = -t**3 - 7*t**2 - t - 12. Suppose -3*h + 601 = -5*j + 647, 5*h + 45 = 2*j. Give b(h).
-5
Let g(j) be the third derivative of -j**6/40 + 11*j**5/20 - j**4/12 + 10*j**3/3 + 203*j**2 + 1. Calculate g(11).
-2
Let t be 2/7 + 51/(-7). Suppose -67 = -12*n + 17. Let c(i) = i - 56 + 3*i**3 - 5*i**3 + 57 + i**3 - n*i**2. Give c(t).
-6
Let v(s) = -60 - 1229*s + 1228*s - 60 + 257 - 60 - 63. Let i = -24 + 7. Let x = -9 - i. Calculate v(x).
6
Let c(a) = 12*a - 1. Let p(h) = h**2 - 7*h + 1. Let t be p(7). Let r be (-42)/t - (0 - (-4)/(-2)). Let l = 41 + r. Determine c(l).
11
Suppose -z - 2*z + 19 = 4*g, g + 8 = -5*z. Suppose 0 = j - g*j + 12. Let i(o) = -j*o + 3*o - 3*o + 1. What is i(2)?
-3
Let f(t) be the third derivative of t**5/60 - t**4/4 - t**3/2 - 42*t**2 - 4*t. What is f(-2)?
13
Let c(h) = -h**3 + 6*h**2 - 2*h - 4. Let o(z) = -18*z - 337. Let q be o(-19). Give c(q).
11
Let l(k) = -2*k - 9*k**2 + 5 + 0*k + 11*k**2 + k**3 - 7*k**2. Let v(s) = 39*s**3 + 2*s - 1. Let p be v(1). Suppose w + 9*w = p. Determine l(w).
-19
Let q(p) be the second derivative of -p**4/6 - 7*p**2 + 2*p + 985. Give q(4).
-46
Let m(v) be the first derivative of 17*v**3/3 - v**2 - 839. Calculate m(-1).
19
Let x(h) = -30*h**2 - 37*h**2 + 25 + 49*h**2 + 24*h - 629*h**3 + 630*h**3. Give x(17).
144
Suppose 5*s + 4 = -1, 4*p + 4*s - 4 = 0. Let d(k) = 16 - 7 - 9 - 5*k**2 + 14 - 12 + k. Determine d(p).
-16
Suppose -3*x + 3*z + 48 = 0, x + 29 = -19*z + 15*z. Let f(q) = 7*q**2 - 49*q + 27. Give f(x).
27
Let r(x) = x**3 + 4*x**2 - 2*x - 1. Suppose 2*n + 48 = 3*b, 6*b = 3*b + 3*n + 51. Let z be 14/(-1) + 51 + -7. Suppose -b = -4*h - z. Determine r(h).
7
Let h(c) = c + 26. Let d = -1263 + 1241. Give h(d).
4
Let j(i) = 578*i**2 + 595*i**2 + 593*i**2 + 32 - 1767*i**2 - 13*i. What is j(-16)?
-16
Let z be (-7 - 177/(-18) - 2)*6. Let r(j) = -j**2 + 7*j. Calculate r(z).
10
Let h(q) = q**2 - 3*q + 3. Let l(o) = -o**2 + 11*o + 394. Let i be l(26). What is h(i)?
7
Let v(u) = -u**2 - 17*u + 15. Let i(t) = 170*t - 525. Let y be i(3). Determine v(y).
45
Let c = 7 + -2. Let q(o) = o + 0 + 23 - 20 + 0*o. Give q(c).
8
Let q(t) = -177*t**3 + 10 + 2*t**2 + t**2 + 3*t + 3*t**2 + 178*t**3. Give q(-5).
20
Let q(v) be the second derivative of -21*v**5/10 - v**4/6 + v**3/2 - v**2 - 429*v. What is q(1)?
-43
Let s(b) be the third derivative of 4*b**2 + 0*b + 0 + 19/6*b**3 + 1/60*b**5 - 1/24*b**4. Let g be (-594)/(-9801) + (-4)/66. Calculate s(g).
19
Let k(o) = o**3 + 12*o**2 + 19*o - 6. Let n be k(-10). Suppose 3*f - 2 = -a, 3*f = -n + 1. Let v(t) = 6*t - 3*t - 4 + t**2 - a*t + 7. What is v(3)?
6
Let w be 4/8*0/(-7). Suppose -h = -w*n - 2*n + 13, -n + 3*h + 4 = 0. Let t(a) = -a**3 + 7*a**2 + 2*a - 7. Calculate t(n).
7
Let y(j) = -3*j**2 + 42*j - 85. Let f be y(11). Let b(k) = 3 - 511*k + 505*k + k**2 - f. Suppose 2*g + 5*z - 23 = g, z - 3 = 0. Determine b(g).
5
Let v(b) = 81*b + 1. Suppose 2